 p.
1
Suppose 0 = -y + 2 + 8. Suppose -2*f = -7*f + y. Let o be 1*(2/f - -6). What is the highest common divisor of o and 21?
7
Let v = 357 + -192. Let t = 7 - -8. Calculate the greatest common factor of v and t.
15
Let f = 63 - 23. Calculate the highest common divisor of f and 10.
10
Suppose 2*w + 0*w = 396. Let x be (5 - -1)/((-6)/(-45)). Let p = x + -27. What is the greatest common divisor of w and p?
18
Let d be 78/4*(-4)/(-6). What is the highest common factor of d and 65?
13
Suppose -4*n - 10 - 4 = -3*u, -2*n - 16 = 3*u. Let m = u + 7. What is the highest common divisor of 40 and m?
5
Let k be 1/4 - 45/(-12). Suppose -159 = -k*b + 205. Calculate the highest common factor of b and 13.
13
Suppose 0 = y + 2*y. Let n be y - (-2 + 1) - -527. Suppose 3*s = 7*s - n. Calculate the greatest common factor of 12 and s.
12
Let p = -12 + 120. Let c be (-45)/(-6)*(-8)/(-5). Suppose -3*n + c = -2*n. What is the highest common factor of p and n?
12
Suppose 0 = b - 3*b + 10. Suppose 3*j - 4 = b*t - 10, -2*j = -5*t + 9. What is the highest common divisor of t and 9?
3
Let l be -4*(196/16)/(-7). Calculate the highest common divisor of l and 56.
7
Let q = -34 - -20. Let v = -8 - q. Let s be ((-3)/(-2))/(v/8). Calculate the greatest common factor of s and 4.
2
Let m = 265 - 169. What is the greatest common divisor of m and 32?
32
Suppose -3*q - 2*n = -72, 5*n - 120 = -5*q + 2*n. Let l be (-2)/(6/(-21)) + 1. What is the greatest common divisor of q and l?
8
Let p be 16/(-12)*(-36)/3. What is the greatest common factor of p and 64?
16
Suppose -5*n + f = -8, -2*n = -4*n + f + 5. Calculate the highest common factor of n and 2.
1
Let c = -16 - -28. Let l be (6/(-9))/(2/90). Let r = -18 - l. Calculate the highest common divisor of c and r.
12
Let k(f) = f**2 - f - 5. Let n be k(-5). What is the highest common factor of n and 125?
25
Suppose -2*h + 3 = -19. Calculate the highest common divisor of h and 11.
11
Suppose b + 9 = 4*b. Let c(y) = -y + 3. Let o be c(b). Suppose 3*g - 14 - 16 = o. What is the highest common factor of g and 80?
10
Let d = -109 + 157. Calculate the greatest common factor of 80 and d.
16
Let b(o) = -3*o**2 + 60 - o + 4*o**2 + 20. Suppose 0 = -3*a + 4*a. Let z be b(a). Calculate the greatest common factor of 32 and z.
16
Suppose -11 = -5*p - a, -a = -4*p + 2*a + 24. Let t be (1 - (-15)/p) + -1. Suppose -t*k + 2 = -3. What is the highest common divisor of 1 and k?
1
Let q(v) = 2*v**2 - 10*v + 6. Let d be q(6). What is the highest common divisor of d and 27?
9
Let f(m) = -27*m + 8. Let l(i) = i. Let t(q) = f(q) - 4*l(q). Let d be t(-8). Suppose -4*r + d = -84. Calculate the highest common factor of 34 and r.
17
Suppose 2*j - 3*v = 214, -j + 53 + 41 = 5*v. Calculate the highest common divisor of 16 and j.
8
Let p be 0 + 21 + 3/3. Let n = -1 - -3. Suppose -n*o + 67 = -5*l - 48, -o + 5*l + 60 = 0. Calculate the greatest common factor of o and p.
11
Let t be ((-1 - -5) + 8)*(-21)/(-4). What is the highest common divisor of t and 7?
7
Let j be 12/16 - 2/(-8). Let k be (j + -11)*2/(-2). Suppose -2*t + 2*v = -2, -4*v + v = 2*t - 22. Calculate the highest common factor of t and k.
5
Let u(m) = m**3 - m**2 - 8*m + 18. Let x be u(3). What is the greatest common factor of 54 and x?
6
Let w = 714 + -494. Calculate the greatest common factor of 20 and w.
20
Let g(p) = -2*p + 4. Let i be g(-18). Calculate the highest common factor of i and 8.
8
Suppose -16*x + 2298 = 826. Suppose 0 = 2*d - 2*k - 48, -2*k = 2*d - 7*k - 51. What is the greatest common divisor of d and x?
23
Suppose 0 = 5*y - m + 81 + 101, 3*y = 5*m - 96. Let j = y + 53. What is the highest common factor of 8 and j?
8
Suppose -4*w + w = 3*b - 603, -5*b + 2*w + 1033 = 0. Let q = b - -2. Suppose 5*a - q - 378 = 0. Calculate the greatest common factor of a and 13.
13
Let i(l) = 4*l**2 - 2*l**2 + 8*l - 3*l**2. Let p = -4 + 11. Let c be i(p). What is the greatest common factor of 28 and c?
7
Let w = -101 + 211. Suppose -30 = -2*v + 58. What is the greatest common divisor of v and w?
22
Let v = -27 - -45. Suppose -36*c = -37*c + 9. Calculate the highest common divisor of v and c.
9
Let r = -26 - -50. What is the highest common divisor of r and 3?
3
Let m be -286 - (2 + 0 + 0). Let s be m/3*(-2)/3. Calculate the greatest common divisor of 16 and s.
16
Suppose -j = 2*y + 2*j - 244, 5*y + 5*j = 620. Calculate the highest common divisor of y and 16.
16
Suppose 3*d - 58 - 44 = 0. Calculate the greatest common factor of 102 and d.
34
Let s = 4 - 0. Suppose -d + 25 = 2*d + 5*a, 9 = 3*d - 3*a. Suppose 7 = m - d*p + 1, 12 = 2*m + p. Calculate the highest common divisor of s and m.
2
Suppose -b + 21 = 172. Let d = b + 279. Calculate the greatest common divisor of d and 16.
16
Let i = -159 + 283. What is the greatest common factor of 31 and i?
31
Let d be 1156/10*(18 + -13). Let v = d - 335. Calculate the greatest common factor of v and 27.
27
Let g(t) = 5*t**3 + 9*t**2 + 18. Let b(x) = -2*x**3 - 4*x**2 - 9. Let p(a) = -7*b(a) - 3*g(a). Let k be p(0). Calculate the highest common factor of k and 18.
9
Suppose 0 = 5*l - 215 + 45. What is the highest common factor of l and 374?
34
Suppose -5*s - 4*p = -483, -4*s = -0*s - 2*p - 402. What is the greatest common divisor of s and 11?
11
Suppose 3*n - 75 = 75. Let l(t) = t**3 + t**2 - t. Let o be l(2). Let u = 15 - o. Calculate the greatest common divisor of u and n.
5
Suppose -7*h + 9*h - 10 = 0. Suppose 0*i + h*i - 20 = -3*p, 23 = 5*p - 2*i. What is the greatest common factor of p and 5?
5
Let m(i) = 32*i - 23. Let d be m(6). What is the greatest common factor of d and 13?
13
Suppose -5*b + 25 = -f - 4*f, -5*f + b - 29 = 0. Let q = -4 - f. Suppose -t + 5*g + 23 = t, q*g - 43 = -5*t. What is the greatest common divisor of 9 and t?
9
Let l(n) = -n**3 - 3*n**2 + 1. Let c be l(-3). Suppose -2*v - 17 = -5*v + b, -5*v = -b - 27. Calculate the highest common factor of c and v.
1
Let j be 2432/247 - 4/(-26). Calculate the highest common divisor of j and 40.
10
Let s(q) = -q**3 + 3*q - 1. Let d be s(2). Let y = -1 - d. Suppose -4*h + 3*f = -17, -y*f - 2 + 0 = 2*h. What is the highest common divisor of h and 10?
2
Let s(m) = m**3 - 12*m**2 + 11*m - 4. Let b be s(11). Let l be b/(-1) + 2 + 0. Calculate the greatest common factor of l and 6.
6
Suppose -18 = -3*n - 4*v, 6*v - 3*v - 1 = -n. What is the highest common factor of n and 90?
10
Let u = 25 + -15. Calculate the greatest common factor of u and 15.
5
Suppose 309 = 5*u - 3*u + k, -3*k = -5*u + 756. Calculate the greatest common divisor of 17 and u.
17
Suppose 3*n = h + 54, h - 90 + 11 = -4*n. Let c be 361/n + 2/(-2). Calculate the highest common divisor of c and 6.
6
Let t = -11 - -22. Let f = 222 + -101. What is the highest common factor of t and f?
11
Let k = 25 - 18. Suppose -2*u = -3*u - 2. Let s be (-208)/(-4) + -1 + u. Calculate the highest common factor of s and k.
7
Let s(n) = n**2 - 9*n - 2. Let a = 29 + -19. Let o be s(a). What is the highest common factor of o and 1?
1
Suppose -3*h + h = 4*v - 46, 4*v - 26 = 2*h. Calculate the greatest common divisor of 36 and v.
9
Let r = 37 - 25. Let o be (-2)/(-3) + 52/3. What is the highest common factor of o and r?
6
Suppose 0 = a + a - 2. Let d be ((-2)/(-6))/(a/21). Suppose -2*s - 41 = -2*f + 3*s, -127 = -4*f - 5*s. Calculate the highest common divisor of f and d.
7
Let o = -1 + 20. Suppose 2 = -5*q - a + 282, q - 3*a - 72 = 0. Suppose 4*m = m + q. What is the highest common divisor of m and o?
19
Suppose 4*t - 23 = 17. Let f be (-2 - (-2 - t)) + -3. Let p be 1/(-3) + 22/3. Calculate the highest common divisor of p and f.
7
Let g = 11 + -12. Let x be (-8)/24*(-4 - g). Calculate the highest common divisor of x and 8.
1
Suppose -3*d + 65 = 4*l, -d = 5*l - 0*l - 7. Calculate the highest common factor of d and 243.
27
Let p(u) = u + 1. Let a(d) = -d - 4. Let h(k) = -a(k) - 3*p(k). Let y be h(-4). Calculate the highest common divisor of 81 and y.
9
Let n = 15 - 11. Suppose -5*g = -4*g - n. What is the highest common factor of g and 16?
4
Let t = -7 + 8. Let z(f) = 11*f + 1. Let a be z(t). Calculate the highest common factor of a and 24.
12
Suppose -3*q = 4*b + 3 + 4, -5*b + q + 15 = 0. What is the highest common divisor of 4 and b?
2
Let u(o) = -3*o - 2. Let h be u(-6). Su